) = -o**3 - o**2 + 10*o - 3. Let p be x(-4). What is the hundreds digit of t(p)?
1
Let i = 295 - 294. What is the units digit of 20706/35*i + 2/5?
2
Let y = 4425 + 4058. What is the tens digit of y?
8
Suppose 1700213 - 62981 = 184*y. What is the units digit of y?
8
Suppose -w - 16 + 1 = -5*j, 0 = -3*w - 4*j - 26. Let r(a) = -a**3 - 9*a**2 + 10*a + 15. Let h be r(w). What is the units digit of (-10)/h - 382/(-6)?
3
Let l(t) = t**3 + 61*t**2 + 40*t - 376. What is the tens digit of l(-58)?
9
Suppose 156*y + 107*y - 157410 = -7*y. What is the units digit of y?
3
Suppose -59*z + 4*z + 646301 = -207079. What is the hundreds digit of z?
5
Let n be 4 + (-2 - 5) + 4. What is the units digit of (2 - -129) + 2/n?
3
Let j be (63/(-4))/7 + 2/8. Let s be ((-2)/j)/((-1)/5). What is the units digit of ((-96)/s)/(36/120)?
4
Suppose 4 = 2*f, 5*v - 4071 + 757 = -2*f. Let x = v + -369. What is the units digit of x?
3
Suppose -22*u + 27*u + 30 = 0. Let o be ((u/(-9))/(2/(-30)))/(-2). Suppose -4*r = -o*h + 1123, 0 = -2*r - 4. What is the tens digit of h?
2
Let m(d) = d + 1. Let n(z) = 11*z + 27. Let k(l) = 6*m(l) - n(l). Let h(q) = -3*q - 14. Let b(o) = 7*h(o) - 5*k(o). What is the tens digit of b(3)?
1
Suppose -4*s = 16, -6*q + s + 32 = -2*q. Suppose -4*b + 2*h + 214 = 0, -2*h = q - 13. What is the tens digit of b?
5
Let q = 22 - 17. Suppose -2*i = -t + 6, -2 = -3*i + q*i. Suppose 0 = -2*b - h + 63, -48 = -2*b - 8*h + t*h. What is the tens digit of b?
3
Suppose -2*a = 392 + 438. Let w = 720 + a. What is the units digit of w?
5
Suppose 12*w = 11*w + 30. Let b be 8/(-28) - w/(-7). Suppose 3*u + b*o - 251 = 0, -2*u + 6*u + o - 352 = 0. What is the tens digit of u?
8
Suppose v = 5*o - 23 + 2, -2*o + 2 = -2*v. What is the hundreds digit of 3732/10 - ((-147)/(-35) - v)?
3
Suppose 4*a + 2*g + 1284 = 3*g, 0 = -5*a - 3*g - 1588. Let y = 696 + a. What is the tens digit of y?
7
Suppose 2*d = 6*d - 24, -3*d = 4*q - 10286. What is the tens digit of q?
6
What is the units digit of 1690*(-11)/((-165)/(-2))*(-1650)/20?
0
Let n(r) = 256*r**2 - 328*r - 3783. What is the hundreds digit of n(-11)?
8
Suppose -2*x + 127331 = 5*k, -4*k + 2104*x = 2108*x - 101872. What is the hundreds digit of k?
4
Let i be (-17)/(17/(-4))*5/2. Suppose -i*f - 15771 = -31*f. What is the units digit of f?
1
Suppose -62*j + 316171 = -178031. What is the units digit of j?
1
Suppose -10*q - 84128 = -16*q - 7928. What is the ten thousands digit of q?
1
Let c be ((-2)/5)/(1/(-10)). Let s = -2123 - -2152. Suppose -3*f + 147 = 3*x, x - c*f + f = s. What is the tens digit of x?
4
Suppose -920 = -2*j - 3*j. Suppose 3*h = 631 - j. What is the tens digit of h?
4
Let z(s) = -14 + 2*s**2 - 5*s**2 - 6*s + 4*s**2. Let h be z(-2). Suppose -h*o = -5*o + 117. What is the tens digit of o?
3
Let n(k) = 662*k + 4283. What is the hundreds digit of n(-6)?
3
Let p be ((-858)/(-12))/11*2. Suppose -p*m + 1487 = -125. What is the units digit of m?
4
Let t(i) = i + 1. Let v = -39 + 45. Let m(b) = -5*b + 57. Let l(d) = v*t(d) + m(d). What is the tens digit of l(0)?
6
Let m = -3668 - -5979. What is the thousands digit of m?
2
Suppose -3*z - 3*d = -5802, 0 = 4*z - 48*d + 51*d - 7732. What is the tens digit of z?
3
Suppose -44*x - 133668 = -62*x. What is the hundreds digit of x?
4
Suppose 4*f = -15 + 35. Suppose 0 = 4*u - 4*s - 656, 0*u + 770 = 5*u + f*s. What is the units digit of u?
9
Suppose 97621 = 2*d - i, 5*d - 117*i - 244066 = -113*i. What is the ten thousands digit of d?
4
Suppose 0 = 27*u - 225*u - 233713 + 700003. What is the thousands digit of u?
2
Let i = 9 + -19. Let f = i - 143. Let t = 279 + f. What is the hundreds digit of t?
1
Let b(m) = 13*m**2 + 5*m - 10. Let x(z) = z. Let h(f) = b(f) - 5*x(f). Let p = -34 - -38. What is the tens digit of h(p)?
9
Let i be 36/(-54) - (-191)/3. Suppose 5*q = 792 + i. Suppose 7*s - 654 = -q. What is the tens digit of s?
6
Let d = -1303 + 2540. What is the units digit of d?
7
Let w(z) = 156*z + 7568. What is the tens digit of w(121)?
4
Suppose 2*b + 2*m = 51628, 4*b - 232*m + 227*m - 103310 = 0. What is the units digit of b?
0
Suppose 18*x - 14*x = 8. Let h be x/((-30)/9) + (-6)/15. What is the units digit of h/(-4) - (-636)/16?
0
Suppose -76881 = -2*c - 2*t - 11645, 4*c - 2*t - 130490 = 0. What is the ten thousands digit of c?
3
Let h be (-117)/195 - (553/(-5) - -1). Let p = 132 - h. What is the units digit of p?
3
Let g(b) = -399*b - 506. What is the tens digit of g(-30)?
6
Let z(w) = 3*w**2 - 8*w + 4. Let k be z(3). Suppose 2 = 3*g - 10. Suppose y + 304 = g*p, k*p + 3*y - 320 = 3*p. What is the units digit of p?
7
Let w = 28930 + 12641. What is the tens digit of w?
7
Suppose -6 = -2*v + 24. Let n(q) = -q + 19. Let d be n(v). What is the tens digit of d/(-30) - ((-7714)/30 + 1)?
5
Suppose -31*z + 3*z + 105224 = 0. Suppose -8*x = -12*x - c + z, 941 = x + c. What is the tens digit of x?
3
Let y(f) = -f**2 + 10*f + 10. Let t be y(8). Suppose 0 = q - t - 147. What is the tens digit of q?
7
Let y = -43322 - -87826. What is the tens digit of y?
0
What is the thousands digit of 32633 - (-31)/(434/126)?
2
Let v(k) = 28*k - 14. Suppose -2 = -2*a, -14 = 4*x - 3*a - 35. Let z be (0 - 4) + x - -1. What is the units digit of v(z)?
0
Let s(h) = 868*h - 1860. What is the hundreds digit of s(10)?
8
Suppose -1335038 = -168*g + 91954. What is the units digit of g?
4
Let w be (2 - 6/4)*74. Let f = w + -31. What is the units digit of (-1)/(f/8)*-6?
8
Let s = 32 + -33. What is the hundreds digit of (s - 0 - -2) + -2 - -223?
2
Let v = 41745 + 10206. What is the tens digit of v?
5
What is the hundreds digit of 6 - (3 + -2431 + 12)?
4
Let s be ((-5158)/4)/(-3 + (-75)/(-30)). Let d = s - 1488. What is the tens digit of d?
9
Let u = 7178 - -649. What is the thousands digit of u?
7
Suppose -4*l = 5*q + 60, -43*l = q - 38*l + 12. What is the tens digit of (q/9)/((-3)/144)?
6
Suppose 15*p + 37 + 188 = 0. What is the tens digit of (-5)/(p/(-51))*-19?
2
Let c = -18 - -32. Suppose c = -3*x + 2. Let u(p) = -2*p - 4. What is the units digit of u(x)?
4
What is the tens digit of 4 - 6 - ((-51)/204 - 369414/8)?
7
Suppose 1781231 - 9663196 = -103*i + 12*i. What is the ten thousands digit of i?
8
What is the thousands digit of ((-567798)/(-44))/((-10)/(-4)*(-1)/(-5))?
5
Let h(u) = -22*u**2 + 24*u**2 - 4 + 1 - 7. Let k be h(4). Let l = 35 - k. What is the units digit of l?
3
Suppose 2*z - 225 = z. Suppose -3*s + z + 423 = 3*k, 3*k = -s + 218. What is the tens digit of s?
1
Let b = -70 + 72. Suppose 2*d + 6 = -2*c + 34, b*d + 3*c - 24 = 0. Suppose 6*u = 12*u - d. What is the units digit of u?
3
Suppose 4*u - 6*u + 3*p = 42, -5*p + 100 = -5*u. Let s(j) = 24 + 12 - 2*j + 4*j - 3*j. What is the units digit of s(u)?
4
Let d = -20 - -32. Suppose n - d = 7*n. Let o = 82 - n. What is the units digit of o?
4
Let n(d) = -2*d + 5. Let a be n(0). Suppose -4*u = -u - a*w - 2630, 2*w = u - 876. What is the hundreds digit of u?
8
Suppose -3*w + 50 = 5*s, -s + 53 = 3*s + 5*w. Let a = s - 7. Suppose 175 = 4*y + 3*n, a*n + 5*n + 38 = y. What is the units digit of y?
3
Suppose 0 = -22*j + 150064 + 210406. What is the ten thousands digit of j?
1
What is the tens digit of -20974*((-16)/24 + 52/(-39))?
4
Let x(c) = 5*c**2 - c - 8. Suppose -12 = 4*y, -v - 18 = -4*v - 2*y. What is the hundreds digit of x(v)?
3
Let m = 21393 - -7045. What is the units digit of m?
8
Suppose -713 = -b - 722. Let j(g) = -2*g**3 - 12*g**2 - 21*g - 15. What is the tens digit of j(b)?
6
Let h = -84 + 102. Let t be (50/(-15) + 2)/((-4)/h). Suppose t*l = l + 820. What is the hundreds digit of l?
1
Suppose 0 = 2*s + s + 237. Let f = s + 211. Suppose -n + f = -36. What is the hundreds digit of n?
1
What is the tens digit of (-726123)/(-82 + 25) - (0 + 3 - -1)?
3
Let d = -9107 + 23842. What is the hundreds digit of d?
7
Suppose 3*h + 3*u - 5 = -2, 0 = -3*h + u + 7. Suppose 3*c = -3*d + 2142, h*d - 4*c = -3*c + 1440. What is the hundreds digit of d?
7
Suppose 5*r = -3*m + 147201, -908*m - 88320 = -3*r - 910*m. What is the ten thousands digit of r?
2
What is the units digit of ((-460)/(-75) - 6) + 194/(-15)*-1952?
6
Let w(l) = -4*l**2 - 38*l + 8. Let q be w(-10). What is the tens digit of (-6)/((-19)/(-190)*5/q)?
4
Let x be (29 - -1)*(-16)/20. Let j be x*3*39/(-36). Let o = 6